 -8*t**2 - 81*t + 33. Let v(n) = -9*n**2 - 80*n + 35. Let k(w) = -6*j(w) + 5*v(w). Is k(-34) a composite number?
False
Is (-20)/(-110) + (-13435)/(2/(-318)*11) prime?
True
Let t(o) = -10719*o - 107. Let l be t(-6). Let y = -36012 + l. Is y a composite number?
True
Is (457519/(-5))/(-26 + 516/20) composite?
True
Let p(b) = -310*b - 1. Suppose -10*r + 22 = -21*r. Let s(t) = 3*t**2 + 13*t + 5. Let a be s(r). Is p(a) prime?
True
Suppose -4*i + 2925800 = 2*y, 3*i - 1293961 = y + 900374. Is i a composite number?
False
Let b be (-756708)/(-24)*(1 + 3 + -2). Suppose -3*r + 2*r + 4*q = -12619, -2*q - b = -5*r. Is r composite?
False
Suppose -4*n + 38352 = 4*n. Let r = n + -1585. Is r composite?
False
Let o = 407520 + -148903. Is o a prime number?
True
Let y(p) = p**3 + 12*p**2 - 12*p + 26. Let h be y(-13). Let m(t) = 20*t**2 - 2*t - 83. Is m(h) prime?
True
Suppose 0 = -5*b + 41 - 26. Let i be 4/14 - (b - 376/56). Suppose 4*x + 4*f = -0*f + 1212, -3*f + 1216 = i*x. Is x prime?
True
Let t(l) = 5625*l**2 - 141*l + 713. Is t(5) a composite number?
True
Let s(i) = 1094*i + 1775. Is s(36) a prime number?
False
Suppose 0 = 8*v - 2*v - 24. Let p be (2/(-16))/(4/(-16))*v. Suppose -3*s = -4*g + 1379 - 6668, 0 = 3*s + p*g - 5271. Is s a composite number?
False
Let b(n) = -2*n**3 + 33*n**2 - 53*n + 33. Is b(-20) composite?
False
Suppose -2607 = 5*k + 5883. Let x = k + 3083. Is x composite?
True
Suppose 3*x + 52 = -254. Let j be (x/30 - 3)*5/(-2). Is 771 + (-45)/24 + (-2)/j a composite number?
False
Suppose -3589179 = -3*y + x - 1425102, 721391 = y + 5*x. Is y composite?
True
Let d = 8334 - -5257. Is d prime?
True
Let b(h) = -77*h - 19. Let w be b(-3). Let j = w + 51. Is j composite?
False
Is (25/(-5) - -7) + ((-64777)/(-1) - 2) a prime number?
False
Is 3142269/585 + 1*(-2)/5 a composite number?
True
Let f = -47395 + 117018. Is f a prime number?
True
Suppose 2*k + 642835 = 8*k - k. Is k a prime number?
False
Let m(x) = -1007*x + 1007. Let a(b) = 42*b - 42. Let y(f) = -95*a(f) - 4*m(f). Let j be y(15). Suppose -16*p = -12*p - j. Is p a composite number?
True
Let h(u) = -u**3 - 22*u**2 - 19*u + 40. Let s be h(-21). Let k(p) = 263*p**2 - 3*p - 9. Is k(s) composite?
False
Let w(s) = -s**2 + 5*s - 6. Let c be w(2). Suppose i = -c*i + 12. Is 8/12 - (1 + (-12952)/i) a prime number?
False
Let m = -12 - -14. Suppose y = 3*a + 122, y + m*a - 399 = -2*y. Is y prime?
True
Is ((-592487)/5 - (-6)/15)/((-243)/81) prime?
True
Suppose 0 = -3*o + 12*o - 125604. Suppose 0 = -4*m + o + 3728. Is m composite?
False
Suppose 4*l + 5*g - 25131 = 54286, 3*l - 59564 = -5*g. Is l a composite number?
False
Suppose 82791 + 67694 = 4*r + 3*m, 3*r - 3*m - 112848 = 0. Is r prime?
True
Suppose -g + 219 = -5*g - 3*y, 3*y + 15 = 0. Let q be g + 2*(-3 - -2). Is (q*1)/((-7)/77) a prime number?
False
Suppose -337*b - 803231 = -350*b. Suppose 12*s - 59185 - b = 0. Is s a composite number?
True
Suppose -8*u + 21*u = -15*u + 17643668. Is u prime?
False
Suppose -7*j + 217492 + 112264 = 0. Suppose -29157 = -35*u + j. Is u prime?
True
Is -1 + 32344 + 9 + 1*(-12 - -5) prime?
False
Let p = 5726 - 2194. Suppose 0 = 5*o - h - p, 3522 = 5*o + 5*h - h. Is o a composite number?
True
Suppose 7*k + 25254 = -13757. Let u = k + 9964. Is u a composite number?
False
Let c(g) = -2029*g**3 + 12*g**2 - 128*g - 16. Is c(-7) prime?
False
Suppose -9 = 3*m + 3*o, 3*o = -14*m + 9*m - 5. Let a(k) = -k**3 - 3*k**2 + 5*k. Let b be a(-4). Is (-233)/m*24/b a composite number?
True
Let y(k) be the third derivative of 3145*k**4/24 - 43*k**3/2 - 15*k**2 - k. Is y(6) a prime number?
False
Let g(a) = -a + 13. Let c be g(9). Let f(x) = x**2 - 8*x - 1. Let w be f(0). Is (1970/c + w)/((-1)/(-2)) composite?
False
Let m be -3 + (-3 - -7) + 15. Suppose -21*d + 25 = -m*d. Suppose -3*g + d*g = 3522. Is g a prime number?
False
Let o be ((-117)/(-5))/((-29)/(-4785)). Suppose 2*l + r = o, -l - 3*r - 130 = -2058. Is l prime?
True
Suppose 4*r = -r - 15*i + 53660, -r - 4*i = -10733. Is r a composite number?
False
Suppose 5*b + 4*m + 22 - 2 = 0, -5*b - 2*m - 10 = 0. Let n(y) = y**2 + 4*y + 3077. Is n(b) composite?
True
Let m be -411 - (-13 - -6) - 7. Let i = m + 466. Is i prime?
False
Suppose -33*b = -7826779 + 2162032. Is b prime?
True
Let t be ((-41444)/36 + 4/18)*-11. Suppose 7*h - t = -4*h. Is h a composite number?
False
Suppose -3*h - 6804 = -28302. Let l = h + 3651. Is l a composite number?
True
Is ((-8941664)/(-115) - 3/5) + (12 - 12) a prime number?
False
Let y = 15963 - 9422. Is y a composite number?
True
Suppose -7*i = -16533 + 5837. Suppose i + 839 = 3*n. Is n a prime number?
False
Let z be 118248/16 - -2 - (-20)/(-8). Suppose z = 3*g + c, c + 4*c - 7394 = -3*g. Is g composite?
True
Is ((-5)/6)/((-480)/(-384)) - (-15038205)/9 a composite number?
True
Let x = 353 + -343. Suppose 25*z = -x*z + 111685. Is z a composite number?
False
Suppose 571134 = -15*j + 14*j + 7*j. Is j a composite number?
False
Suppose 5*f = -15, 0*f = 3*b - f - 12. Suppose -13 = 5*a - 2*v, 2*a + b*v = 3*a. Is a/4 + 7/(-28) + 162 a prime number?
False
Let i(f) = 38*f**2 + 14 + 9*f + 37*f**2 - 73*f**2. Is i(-16) a composite number?
True
Let g = -1321036 - -4130123. Is g a prime number?
True
Let r(y) be the third derivative of -11*y**5/5 - 5*y**4/24 + 7*y**3/6 + 6*y**2. Let c(a) be the first derivative of r(a). Is c(-3) a prime number?
True
Is (-3 + 0)*((-4859426)/39 + 23) a composite number?
True
Let f be 33511/(-138) + 10/12. Let m = f - -1137. Is m composite?
True
Let x = 35958 - 16769. Is x a composite number?
True
Let v(b) = 283*b - 47. Let l be v(5). Let d = 787 + l. Is d a composite number?
True
Let j = 72 + -71. Let x be (-1 - j)/(3/(-2712)*1). Let q = x - 391. Is q a composite number?
True
Let f(t) = -t**2 + 23*t + 10. Let w be -5*13*(-3)/15. Let y be f(w). Suppose y + 838 = 2*m. Is m a prime number?
False
Let p(n) = 19*n**2 + n + 7. Let y be p(-3). Let d = y + -115. Is (-26589)/(-18) + (-10)/d composite?
True
Is 2632152/(-32)*(28/(-6) - (-4)/6) a composite number?
True
Suppose g + k - 451 = 0, -g + 233 = -2*k - 206. Suppose g = -4*c + 5*c. Is c a prime number?
False
Let o = 1943 + -805. Is (-18)/21*14/(-8)*o a composite number?
True
Let d be 4/(-14) + (-240)/(-105). Suppose -l = -13 - d. Let q = 67 + l. Is q composite?
True
Suppose 137*w - 129*w = 5128. Suppose 4*d = 2*b + 2514, -d + w = -5*b + 7*b. Is d a composite number?
False
Is (4/(-3))/((-184)/690) - -235752 composite?
True
Let s be (-18)/(-36) + (-5)/(-2) - 2. Suppose -a = -s + 22. Let r = 47 + a. Is r a prime number?
False
Let n(c) = 30866*c + 4291. Is n(20) composite?
False
Let z be (-2)/((-1)/37*2). Suppose 0 = -54*d + z*d + 15657. Is d composite?
True
Is ((-114031)/2*1)/((-2223)/(-38) - 59) a composite number?
False
Let n(l) = 14*l**2 + 4*l - 7. Let h be n(-5). Let z = 628 + -62. Let j = h + z. Is j a prime number?
False
Suppose -n + 5*n - 1112 = -4*l, -549 = -2*l + 5*n. Let a = 191 - l. Let g = 56 - a. Is g a composite number?
True
Let o be 4*-1 - (-17 - -9). Suppose -3*i = -4*i - 3*l + 3022, -o*i + 12088 = -5*l. Is i composite?
True
Suppose -14474896 - 77294909 = -126*i + 15142329. Is i a composite number?
True
Suppose -3*m = 4*g - 410683, 0*g - 547570 = -4*m + 2*g. Is m a composite number?
True
Let x = 13898 - -40131. Is x composite?
True
Suppose 659 + 49 = -3*q. Let c be -2*1*4/(-2). Is c + -3 + -3 - (-1 + q) composite?
True
Suppose -8*x - 15*x = 5*x - 1370488. Is x composite?
True
Let c = -714 - -716. Let d(v) be the first derivative of 143*v**4/4 - v**3/3 - v**2/2 + 4*v + 4. Is d(c) a composite number?
True
Is 24/(-21) + ((-7759110)/42)/(-5) composite?
False
Let m = 353 - 350. Suppose -4*f = -k - 26160, -3*f + 5*f + m*k = 13094. Is f a prime number?
False
Let g(z) = 4*z - 17. Let y be g(7). Let v = 16 - y. Suppose 2*n + 4467 = 5*j, -2*j - 3*j + 4455 = -v*n. Is j a prime number?
False
Let p be -3 + 3*(-28)/(-12). Suppose -4 = -6*n + 20. Suppose -p*a = -z - 0*z + 139, 517 = n*z - 3*a. Is z a composite number?
False
Suppose 0*p - p + 6 = 0. Let r be ((-23718)/36 - 2) + (-1)/p. Let t = 12 - r. Is t a prime number?
True
Suppose 3*i + 0*i = 4*i. Suppose i = -5*t + 1256 - 466. Suppose -6*v + 1252 = -t. Is v a prime number?
False
Let h(i) = -i**3 - 34*i**2 - 35*i - 23. Let w be h(-38). Suppose -w + 1445 